{"id":2,"date":"2023-11-07T09:28:35","date_gmt":"2023-11-07T08:28:35","guid":{"rendered":"http:\/\/crearestauracion.es\/bovedascorrexais\/?page_id=2"},"modified":"2023-12-21T18:20:26","modified_gmt":"2023-12-21T17:20:26","slug":"pagina-ejemplo","status":"publish","type":"page","link":"http:\/\/crearestauracion.es\/bovedascorrexais\/","title":{"rendered":"Inicio"},"content":{"rendered":"\n<p>Bienvenido. En esta p\u00e1gina podr\u00e1 encontrar informaci\u00f3n sobre la restauraci\u00f3n de las b\u00f3vedas de madera de San Pedro de Correxais, Vilamart\u00edn de Valdeorras (Ourense).<\/p>\n\n\n\n<p>En este blog\u00a0puede ir siguiendo paso a paso el proceso de estudio y restauraci\u00f3n de las b\u00f3vedas. Ofreceremos informaci\u00f3n actualizada con los avances y documentaci\u00f3n fotogr\u00e1fica de cada fase.<\/p>\n\n\n<div class=\"wp-block-image\">\n<figure class=\"aligncenter size-full is-resized\"><a href=\"http:\/\/crearestauracion.es\/bovedascorrexais\/blog\/\"><img loading=\"lazy\" decoding=\"async\" width=\"993\" height=\"158\" src=\"http:\/\/crearestauracion.es\/bovedascorrexais\/wp-content\/uploads\/2023\/12\/BOTON-ACCESO.jpg\" alt=\"\" class=\"wp-image-15\" style=\"width:596px;height:auto\" srcset=\"http:\/\/crearestauracion.es\/bovedascorrexais\/wp-content\/uploads\/2023\/12\/BOTON-ACCESO.jpg 993w, http:\/\/crearestauracion.es\/bovedascorrexais\/wp-content\/uploads\/2023\/12\/BOTON-ACCESO-300x48.jpg 300w, http:\/\/crearestauracion.es\/bovedascorrexais\/wp-content\/uploads\/2023\/12\/BOTON-ACCESO-768x122.jpg 768w, http:\/\/crearestauracion.es\/bovedascorrexais\/wp-content\/uploads\/2023\/12\/BOTON-ACCESO-904x144.jpg 904w\" sizes=\"auto, (max-width: 993px) 100vw, 993px\" \/><\/a><\/figure>\n<\/div>\n\n\n<figure class=\"wp-block-image size-large\"><img loading=\"lazy\" decoding=\"async\" width=\"1024\" height=\"855\" src=\"http:\/\/crearestauracion.es\/bovedascorrexais\/wp-content\/uploads\/2023\/12\/1-1024x855.jpg\" alt=\"\" class=\"wp-image-16\" srcset=\"http:\/\/crearestauracion.es\/bovedascorrexais\/wp-content\/uploads\/2023\/12\/1-1024x855.jpg 1024w, http:\/\/crearestauracion.es\/bovedascorrexais\/wp-content\/uploads\/2023\/12\/1-300x250.jpg 300w, http:\/\/crearestauracion.es\/bovedascorrexais\/wp-content\/uploads\/2023\/12\/1-768x641.jpg 768w, http:\/\/crearestauracion.es\/bovedascorrexais\/wp-content\/uploads\/2023\/12\/1-904x755.jpg 904w, http:\/\/crearestauracion.es\/bovedascorrexais\/wp-content\/uploads\/2023\/12\/1.jpg 1119w\" sizes=\"auto, (max-width: 1024px) 100vw, 1024px\" \/><\/figure>\n\n\n\n<figure class=\"wp-block-image size-large\"><img loading=\"lazy\" decoding=\"async\" width=\"1024\" height=\"855\" src=\"http:\/\/crearestauracion.es\/bovedascorrexais\/wp-content\/uploads\/2023\/12\/2-1024x855.jpg\" alt=\"\" class=\"wp-image-17\" srcset=\"http:\/\/crearestauracion.es\/bovedascorrexais\/wp-content\/uploads\/2023\/12\/2-1024x855.jpg 1024w, http:\/\/crearestauracion.es\/bovedascorrexais\/wp-content\/uploads\/2023\/12\/2-300x250.jpg 300w, http:\/\/crearestauracion.es\/bovedascorrexais\/wp-content\/uploads\/2023\/12\/2-768x641.jpg 768w, http:\/\/crearestauracion.es\/bovedascorrexais\/wp-content\/uploads\/2023\/12\/2-904x755.jpg 904w, http:\/\/crearestauracion.es\/bovedascorrexais\/wp-content\/uploads\/2023\/12\/2.jpg 1119w\" sizes=\"auto, (max-width: 1024px) 100vw, 1024px\" \/><\/figure>\n","protected":false},"excerpt":{"rendered":"<p>Bienvenido. En esta p\u00e1gina podr\u00e1 encontrar informaci\u00f3n sobre la restauraci\u00f3n de las b\u00f3vedas de madera de San Pedro de Correxais, Vilamart\u00edn de Valdeorras (Ourense). En este blog\u00a0puede ir siguiendo paso a paso el proceso de estudio y restauraci\u00f3n de las b\u00f3vedas. Ofreceremos informaci\u00f3n actualizada con los avances y documentaci\u00f3n fotogr\u00e1fica de cada fase.<\/p>\n","protected":false},"author":1,"featured_media":0,"parent":0,"menu_order":0,"comment_status":"closed","ping_status":"open","template":"","meta":{"footnotes":""},"class_list":["post-2","page","type-page","status-publish","hentry","content-columns-1"],"_links":{"self":[{"href":"http:\/\/crearestauracion.es\/bovedascorrexais\/wp-json\/wp\/v2\/pages\/2","targetHints":{"allow":["GET"]}}],"collection":[{"href":"http:\/\/crearestauracion.es\/bovedascorrexais\/wp-json\/wp\/v2\/pages"}],"about":[{"href":"http:\/\/crearestauracion.es\/bovedascorrexais\/wp-json\/wp\/v2\/types\/page"}],"author":[{"embeddable":true,"href":"http:\/\/crearestauracion.es\/bovedascorrexais\/wp-json\/wp\/v2\/users\/1"}],"replies":[{"embeddable":true,"href":"http:\/\/crearestauracion.es\/bovedascorrexais\/wp-json\/wp\/v2\/comments?post=2"}],"version-history":[{"count":3,"href":"http:\/\/crearestauracion.es\/bovedascorrexais\/wp-json\/wp\/v2\/pages\/2\/revisions"}],"predecessor-version":[{"id":19,"href":"http:\/\/crearestauracion.es\/bovedascorrexais\/wp-json\/wp\/v2\/pages\/2\/revisions\/19"}],"wp:attachment":[{"href":"http:\/\/crearestauracion.es\/bovedascorrexais\/wp-json\/wp\/v2\/media?parent=2"}],"curies":[{"name":"wp","href":"https:\/\/api.w.org\/{rel}","templated":true}]}}